when 11218771 is divided by 102?
97
What is the remainder when 28847277 is divided by 440?
437
What is the remainder when 635287 is divided by 158763?
235
Calculate the remainder when 2383687 is divided by 148979.
23
Calculate the remainder when 2646429 is divided by 33.
27
What is the remainder when 14811956 is divided by 4937276?
128
Calculate the remainder when 247399 is divided by 2969.
972
What is the remainder when 15977047 is divided by 479?
2
Calculate the remainder when 964176 is divided by 2699.
633
What is the remainder when 715154380 is divided by 255?
250
What is the remainder when 249444 is divided by 421?
212
Calculate the remainder when 968632 is divided by 2167.
2150
Calculate the remainder when 138214 is divided by 1626.
4
What is the remainder when 159474021 is divided by 449?
446
Calculate the remainder when 788142 is divided by 8757.
12
Calculate the remainder when 7409 is divided by 6894.
515
Calculate the remainder when 276131 is divided by 137998.
135
What is the remainder when 2024111 is divided by 59?
57
What is the remainder when 179459 is divided by 136?
75
What is the remainder when 159555 is divided by 15744?
2115
Calculate the remainder when 2662202 is divided by 390.
62
What is the remainder when 1754995 is divided by 877492?
11
Calculate the remainder when 249985 is divided by 651.
1
Calculate the remainder when 69329 is divided by 455.
169
What is the remainder when 281071 is divided by 679?
644
Calculate the remainder when 213561 is divided by 4106.
49
What is the remainder when 537484 is divided by 12534?
11056
What is the remainder when 152940 is divided by 8967?
501
Calculate the remainder when 21749382 is divided by 9775.
7
Calculate the remainder when 24001472 is divided by 6.
2
Calculate the remainder when 129945371 is divided by 4252.
4251
What is the remainder when 65476 is divided by 65402?
74
What is the remainder when 2445154 is divided by 1263?
1249
What is the remainder when 10615520 is divided by 30859?
24
Calculate the remainder when 142396 is divided by 1106.
828
What is the remainder when 14281939 is divided by 4760643?
10
Calculate the remainder when 491317 is divided by 491203.
114
Calculate the remainder when 4165186 is divided by 59501.
116
What is the remainder when 576435 is divided by 52323?
882
Calculate the remainder when 782284 is divided by 97781.
36
Calculate the remainder when 13614767 is divided by 6807362.
43
What is the remainder when 622949 is divided by 311471?
7
Calculate the remainder when 6703467 is divided by 1055.
1052
What is the remainder when 3130293 is divided by 1460?
53
What is the remainder when 39201552 is divided by 248111?
14
What is the remainder when 166349 is divided by 128?
77
Calculate the remainder when 1128518 is divided by 157.
2
Calculate the remainder when 40980715 is divided by 3344.
3339
What is the remainder when 1754501 is divided by 68?
33
What is the remainder when 1564602 is divided by 42285?
57
What is the remainder when 332434 is divided by 1186?
354
Calculate the remainder when 1554726 is divided by 518241.
3
Calculate the remainder when 211068191 is divided by 13.
9
What is the remainder when 22109 is divided by 21752?
357
What is the remainder when 6811136 is divided by 18815?
106
Calculate the remainder when 1038916 is divided by 4623.
3364
What is the remainder when 864399 is divided by 1070?
909
Calculate the remainder when 146204279 is divided by 7.
4
What is the remainder when 334688 is divided by 12865?
198
What is the remainder when 5610439 is divided by 2805219?
1
Calculate the remainder when 33568871 is divided by 3051711.
50
What is the remainder when 15061973 is divided by 78?
17
What is the remainder when 1165321348 is divided by 3165?
3163
Calculate the remainder when 99318660 is divided by 9.
6
What is the remainder when 36685060 is divided by 199?
7
Calculate the remainder when 4872 is divided by 117.
75
What is the remainder when 48670888 is divided by 85?
58
Calculate the remainder when 19405412 is divided by 1535.
1477
What is the remainder when 968158253 is divided by 2161?
2160
What is the remainder when 345715 is divided by 88?
51
Calculate the remainder when 21343 is divided by 322.
91
Calculate the remainder when 494117 is divided by 70504.
589
Calculate the remainder when 8539007 is divided by 48.
47
What is the remainder when 25060021 is divided by 40096?
21
Calculate the remainder when 3655749 is divided by 3.
0
Calculate the remainder when 305870 is divided by 916.
842
Calculate the remainder when 703958 is divided by 163.
124
What is the remainder when 332917 is divided by 165541?
1835
What is the remainder when 479238 is divided by 53246?
24
What is the remainder when 239224845 is divided by 1260?
1245
What is the remainder when 37311454 is divided by 47051?
11
Calculate the remainder when 1245085 is divided by 28295.
105
Calculate the remainder when 17635035 is divided by 259.
243
Calculate the remainder when 427134 is divided by 6211.
4786
Calculate the remainder when 4537904 is divided by 849.
848
What is the remainder when 25701342 is divided by 12850665?
12
What is the remainder when 901025 is divided by 128641?
538
What is the remainder when 1340163 is divided by 305?
298
What is the remainder when 22749428 is divided by 82725?
53
What is the remainder when 5449087 is divided by 126722?
41
Calculate the remainder when 3691002 is divided by 3935.
3907
What is the remainder when 14436466 is divided by 4812151?
13
What is the remainder when 66750 is divided by 156?
138
Calculate the remainder when 14883235 is divided by 208.
3
Calculate the remainder when 8067591 is divided by 128056.
63
What is the remainder when 1187283 is divided by 914?
911
What is the remainder when 451571 is divided by 21500?
71
What is the remainder when 1369167 is divided by 448?
79
Calculate the remainder when 842619 is divided by 7150.
6069
What is the remainder when 94235359 is divided by 1459?
8
What is the remainder when 570765 is divided by 47365?
2385
What is the remainder when 1558587 is divided by 139?
119
What is the remainder when 105611319 is divided by 195215?
4
What is the remainder when 101119 is divided by 790?
789
Calculate the remainder when 74589 is divided by 74522.
67
What is the remainder when 14479291 is divided by 7239636?
19
Calculate the remainder when 13374624 is divided by 58.
56
Calculate the remainder when 191809 is divided by 206.
23
Calculate the remainder when 2684820 is divided by 894939.
3
What is the remainder when 7376630 is divided by 23643?
14
Calculate the remainder when 65006735 is divided by 6567.
2
What is the remainder when 1753202 is divided by 1276?
1254
What is the remainder when 309232059 is divided by 10?
9
Calculate the remainder when 1892204 is divided by 4516.
0
What is the remainder when 131928329 is divided by 629?
611
Calculate the remainder when 18880887 is divided by 284.
283
What is the remainder when 46095 is divided by 11473?
203
Calculate the remainder when 3670811739 is divided by 7657.
7654
Calculate the remainder when 38256187 is divided by 36.
31
What is the remainder when 55924833 is divided by 1117?
1111
Calculate the remainder when 8049812 is divided by 62401.
83
What is the remainder when 34145 is divided by 5049?
3851
What is the remainder when 3126705 is divided by 37671?
12
What is the remainder when 155917 is divided by 4268?
2269
Calculate the remainder when 141180 is divided by 1487.
1402
What is the remainder when 715360 is divided by 1753?
136
What is the remainder when 26049 is divided by 6704?
5937
What is the remainder when 189093 is divided by 3505?
3328
What is the remainder when 73111 is divided by 2282?
87
What is the remainder when 360868 is divided by 4809?
193
What is the remainder when 71730354 is divided by 229?
226
Calculate the remainder when 12719583 is divided by 313.
202
Calculate the remainder when 669604 is divided by 8370.
4
Calculate the remainder when 1184079 is divided by 77.
50
Calculate the remainder when 239659 is divided by 1435.
14
What is the remainder when 376497808 is divided by 414?
412
Calculate the remainder when 5178679 is divided by 92.
91
Calculate the remainder when 442639 is divided by 4297.
48
What is the remaind